21
Calculate the remainder when 50736 is divided by 81.
30
What is the remainder when 9185 is divided by 393?
146
What is the remainder when 12633 is divided by 4160?
153
Calculate the remainder when 28179 is divided by 3478.
355
What is the remainder when 992450 is divided by 94?
92
What is the remainder when 83200 is divided by 75?
25
Calculate the remainder when 4749 is divided by 32.
13
What is the remainder when 546802 is divided by 366?
364
Calculate the remainder when 8580 is divided by 2500.
1080
Calculate the remainder when 8768 is divided by 485.
38
Calculate the remainder when 45145 is divided by 60.
25
Calculate the remainder when 2986 is divided by 1209.
568
What is the remainder when 1869 is divided by 179?
79
What is the remainder when 1865 is divided by 260?
45
What is the remainder when 156 is divided by 151?
5
Calculate the remainder when 16998 is divided by 5643.
69
What is the remainder when 5763651 is divided by 577?
575
Calculate the remainder when 44896 is divided by 109.
97
Calculate the remainder when 1864 is divided by 354.
94
What is the remainder when 5915115 is divided by 178?
175
Calculate the remainder when 317603 is divided by 105863.
14
What is the remainder when 29365 is divided by 55?
50
What is the remainder when 3076 is divided by 1108?
860
What is the remainder when 840009 is divided by 11?
5
Calculate the remainder when 27710 is divided by 29.
15
What is the remainder when 80354 is divided by 681?
677
What is the remainder when 1969668 is divided by 984834?
0
What is the remainder when 35973 is divided by 2044?
1225
What is the remainder when 18966 is divided by 3793?
1
What is the remainder when 44318 is divided by 44315?
3
What is the remainder when 40067 is divided by 183?
173
What is the remainder when 69644 is divided by 257?
254
Calculate the remainder when 300232 is divided by 13.
10
What is the remainder when 27139 is divided by 6783?
7
Calculate the remainder when 1508724 is divided by 17.
8
Calculate the remainder when 19697 is divided by 9504.
689
Calculate the remainder when 1216817 is divided by 405602.
11
What is the remainder when 2810 is divided by 919?
53
Calculate the remainder when 337 is divided by 297.
40
Calculate the remainder when 25263 is divided by 958.
355
Calculate the remainder when 148029 is divided by 49343.
0
Calculate the remainder when 116252 is divided by 38750.
2
What is the remainder when 12615 is divided by 6303?
9
Calculate the remainder when 27217 is divided by 412.
25
What is the remainder when 57342 is divided by 3370?
52
What is the remainder when 2198 is divided by 311?
21
Calculate the remainder when 7954 is divided by 2290.
1084
Calculate the remainder when 722636 is divided by 71.
69
Calculate the remainder when 281183 is divided by 28117.
13
What is the remainder when 142103 is divided by 1733?
1730
What is the remainder when 259149 is divided by 242?
209
What is the remainder when 14327 is divided by 49?
19
What is the remainder when 1196 is divided by 559?
78
What is the remainder when 12191 is divided by 1274?
725
Calculate the remainder when 4352 is divided by 85.
17
What is the remainder when 526443 is divided by 82?
3
What is the remainder when 307315 is divided by 122?
119
Calculate the remainder when 361 is divided by 31.
20
What is the remainder when 37612 is divided by 76?
68
What is the remainder when 759446 is divided by 13?
12
Calculate the remainder when 561308 is divided by 80.
28
What is the remainder when 3837 is divided by 52?
41
Calculate the remainder when 775594 is divided by 33.
28
What is the remainder when 22360 is divided by 126?
58
Calculate the remainder when 21761 is divided by 125.
11
What is the remainder when 9743 is divided by 4797?
149
What is the remainder when 20613 is divided by 6871?
0
What is the remainder when 52478 is divided by 205?
203
What is the remainder when 2609 is divided by 865?
14
What is the remainder when 11815 is divided by 112?
55
Calculate the remainder when 627530 is divided by 1423.
1410
Calculate the remainder when 93620 is divided by 282.
278
Calculate the remainder when 73008 is divided by 18249.
12
Calculate the remainder when 54743 is divided by 19.
4
What is the remainder when 1944228 is divided by 648074?
6
What is the remainder when 183741 is divided by 33?
30
Calculate the remainder when 34545 is divided by 229.
195
Calculate the remainder when 160121 is divided by 40030.
1
What is the remainder when 52101 is divided by 605?
71
Calculate the remainder when 26211 is divided by 182.
3
What is the remainder when 30239 is divided by 38?
29
Calculate the remainder when 48858 is divided by 1358.
1328
Calculate the remainder when 43419 is divided by 1657.
337
Calculate the remainder when 14617 is divided by 1227.
1120
Calculate the remainder when 1613 is divided by 57.
17
Calculate the remainder when 2897 is divided by 812.
461
Calculate the remainder when 2614 is divided by 527.
506
Calculate the remainder when 7780 is divided by 1296.
4
What is the remainder when 701876 is divided by 34?
14
What is the remainder when 352 is divided by 318?
34
Calculate the remainder when 82112 is divided by 44.
8
What is the remainder when 326240 is divided by 32623?
10
What is the remainder when 61050 is divided by 30449?
152
What is the remainder when 362020 is divided by 325?
295
Calculate the remainder when 95068 is divided by 1339.
1338
What is the remainder when 1875 is divided by 1844?
31
What is the remainder when 1714 is divided by 1260?
454
Calculate the remainder when 203982 is divided by 44.
42
Calculate the remainder when 127563 is divided by 823.
821
What is the remainder when 308780 is divided by 423?
413
What is the remainder when 151736 is divided by 16?
8
Calculate the remainder when 156503 is divided by 451.
6
Calculate the remainder when 311133 is divided by 24.
21
What is the remainder when 5264186 is divided by 27?
23
What is the remainder when 653453 is divided by 259?
255
What is the remainder when 166525 is divided by 189?
16
Calculate the remainder when 8305 is divided by 89.
28
Calculate the remainder when 826271 is divided by 23.
19
Calculate the remainder when 35053 is divided by 123.
121
What is the remainder when 144312 is divided by 81?
51
What is the remainder when 10395 is divided by 17?
8
Calculate the remainder when 5946 is divided by 600.
546
Calculate the remainder when 36185 is divided by 111.
110
Calculate the remainder when 643 is divided by 39.
19
Calculate the remainder when 20924 is divided by 20454.
470
What is the remainder when 61595 is divided by 16?
11
What is the remainder when 17118529 is divided by 333?
331
Calculate the remainder when 1263527 is divided by 8.
7
What is the remainder when 7464 is divided by 30?
24
What is the remainder when 30443 is divided by 501?
383
Calculate the remainder when 5726 is divided by 1037.
541
What is the remainder when 67013 is divided by 47?
38
Calculate the remainder when 24926 is divided by 116.
102
Calculate the remainder when 78146 is divided by 1374.
1202
What is the remainder when 1764 is divided by 875?
14
Calculate the remainder when 4349 is divided by 121.
114
Calculate the remainder when 70643 is divided by 17657.
15
Calculate the remainder when 2745 is divided by 348.
309
Calculate the remainder when 21482 is divided by 54.
44
What is the remainder when 7724 is divided by 104?
28
Calculate the remainder when 1692225 is divided by 124.
121
What is the remainder when 34149 is divided by 17068?
13
Calculate the remainder when 42665 is divided by 1706.
15
What is the remainder when 94252 is divided by 18844?
32
Calculate the remainder when 756662 is divided by 3348.
14
What is the remainder when 373543 is divided by 31?
24
Calculate the remainder when 35193 is divided by 1534.
1445
Calculate the remainder when 693718 is divided by 369.
367
What is the remainder when 533 is divided by 251?
31
Calculate the remainder when 608988 is divided by 18.
12
Calculate the remainder when 146436 is divided by 307.
304
Calculate the remainder when 1192 is divided by 9.
4
What is the remainder when 21973 is divided by 949?
146
Calculate the remainder when 2337 is divided by 76.
57
What is the remainder when 2207656 is divided by 182